 5?
45233335
In base 9, what is -1 + -104022741?
-104022742
In base 16, what is 98bd0 + -2?
98bce
In base 10, what is -273984 + -5?
-273989
In base 5, what is -1224132224123 + 4?
-1224132224114
In base 8, what is -21702 + -274101?
-316003
In base 7, what is 3 + 133606264?
133606300
In base 16, what is 12bf74 - 3?
12bf71
In base 7, what is -2116416431 + 5?
-2116416423
In base 10, what is -9204324 - 34?
-9204358
In base 8, what is 35 - -57447?
57504
In base 6, what is -4 + 252112412?
252112404
In base 16, what is 145c + -4157?
-2cfb
In base 16, what is -fe030e + 1?
-fe030d
In base 13, what is 3640 + 9395?
ca05
In base 4, what is 20110 + -321030020?
-321003310
In base 6, what is -10041 + -455341?
-505422
In base 13, what is -4 + -157c961?
-157c965
In base 7, what is -631400 + -422?
-632122
In base 7, what is -160055 + -2616?
-163004
In base 14, what is 7b2090 - 81?
7b200d
In base 9, what is 116 - 13853872?
-13853755
In base 8, what is 5216110474 + -1?
5216110473
In base 4, what is -121231232131132 + 1?
-121231232131131
In base 6, what is -5111 - -2522111?
2513000
In base 9, what is 6616788 - 5?
6616783
In base 12, what is a75774 - 8?
a75768
In base 3, what is 22101 - -221021?
1020122
In base 11, what is 146 - 276a?
-2624
In base 16, what is -bafd3 + 157?
-bae7c
In base 4, what is -331220112303 - 223?
-331220113132
In base 8, what is -107554727 - 2?
-107554731
In base 8, what is 27 - 67062447?
-67062420
In base 7, what is 216 - 2310310?
-2310061
In base 3, what is -111220122102 - 10202?
-111220210011
In base 7, what is -6455141622 + 2?
-6455141620
In base 2, what is 100110110011100010 + -10110001111?
100110011101010011
In base 11, what is 25664 + -11243?
14421
In base 2, what is 11000101000000111 + -11111?
11000100111101000
In base 11, what is -86 + 3549822?
3549747
In base 14, what is 678574 + 85?
678619
In base 9, what is 4744 + 1230?
6074
In base 15, what is 593 + -6eee2?
-6e94e
In base 11, what is 552 - 5884a?
-582a8
In base 8, what is -30270 + -224?
-30514
In base 4, what is -301222 + -331333223?
-332301111
In base 2, what is 1000010100111101111 + -110001111?
1000010100001100000
In base 12, what is 103619 - 166?
103473
In base 5, what is 3321141 + 1333?
3323024
In base 4, what is -1 + 10110321330?
10110321323
In base 2, what is 10000100100110110 - 110011011010?
1111110001011100
In base 6, what is -5 - 25424302?
-25424311
In base 6, what is -14535 + -34153?
-53132
In base 7, what is 1 - 1461000?
-1460666
In base 10, what is -860 - -25526?
24666
In base 10, what is 483 - -1005732?
1006215
In base 13, what is 3 - 47ca825b?
-47ca8258
In base 10, what is -14 - -37332?
37318
In base 9, what is 2121152 - -25?
2121177
In base 15, what is -a53 - 12d3?
-1d36
In base 9, what is -1 - -828133844?
828133843
In base 7, what is -5456166435 - -5?
-5456166430
In base 8, what is 65257727 - 115?
65257612
In base 11, what is -15a572a2 - -5?
-15a57298
In base 9, what is -2516452 + -346?
-2516808
In base 5, what is 12 + -101030011202?
-101030011140
In base 15, what is -247eb9 - -be?
-247dea
In base 10, what is -318 + 39981?
39663
In base 6, what is 4 - 1255501220?
-1255501212
In base 12, what is -2850 - 324?
-2b74
In base 15, what is -75ca - 8b?
-7666
In base 16, what is -117d - 6930?
-7aad
In base 13, what is -38bc45 - -44?
-38bc01
In base 10, what is -59 + 995721?
995662
In base 16, what is -75 - -4b5a?
4ae5
In base 15, what is -17d0c7c5 + -3?
-17d0c7c8
In base 4, what is -12 - -10233033100020?
10233033100002
In base 12, what is -280 - 210488?
-210748
In base 2, what is 1010000100001 - -110111010100?
10000111110101
In base 16, what is -3 - 5c771?
-5c774
In base 12, what is -5267196 - -28?
-526716a
In base 8, what is -143272 - 12?
-143304
In base 13, what is 5 - -1109970c?
11099714
In base 15, what is 303a - b370?
-8335
In base 7, what is 232201 - -11?
232212
In base 16, what is 5c9adc - 0?
5c9adc
In base 3, what is -12122200211220212 + -22?
-12122200211221011
In base 11, what is 0 - -2591665?
2591665
In base 3, what is 22111000001122 + 11?
22111000001210
In base 7, what is 3205 + 60311?
63516
In base 12, what is -176684 + -9?
-176691
In base 14, what is -3dd46 + 0?
-3dd46
In base 16, what is -2274b48 + -4?
-2274b4c
In base 5, what is -241203 - 134402?
-431110
In base 3, what is 0 - 1111011200121210?
-1111011200121210
In base 4, what is -12033333031 + 100?
-12033332331
In base 13, what is -10b5aa16 + 5?
-10b5aa11
In base 2, what is -100 + -10100111010010000111101?
-10100111010010001000001
In base 8, what is -44751 + -1561?
-46532
In base 15, what is -16a486b5 - -2?
-16a486b3
In base 7, what is -234502524 - 5?
-234502532
In base 2, what is 110 - 100110011010000010110010101?
-100110011010000010110001111
In base 3, what is 10112012 - 20211?
10021101
In base 12, what is 54592 + -12?
54580
In base 3, what is -11 + -122210122020100?
-122210122020111
In base 9, what is 2 + 4660523?
4660525
In base 13, what is -2a319 - 1613?
-2b92c
In base 13, what is -33b5 + -1c?
-3404
In base 4, what is 10220 + -3120130?
-3103310
In base 8, what is 14511 + 25111?
41622
In base 14, what is 2b58 - -50?
2ba8
In base 2, what is 111110 + -100100101011100100?
-100100101010100110
In base 13, what is -2a - -7650606?
76505a9
In base 9, what is -2623 + 10631?
7007
In base 14, what is -4 - 7b8ad6?
-7b8ada
In base 3, what is -1020110 - 10221010?
-12011120
In base 10, what is 21 + 50302?
50323
In base 6, what is -4 + 1025423341?
1025423333
In base 6, what is -10105412545 - 3?
-10105412552
In base 15, what is -d6 - 790a?
-79e1
In base 3, what is -1202 - 112002121200?
-112002200102
In base 12, what is 4b741 + -7?
4b736
In base 2, what is 10000011110000 + 1011010000100?
11011101110100
In base 15, what is 3a98e + -146?
3a848
In base 15, what is 17 - 7b5ca4?
-7b5c8c
In base 3, what is -2220001 - -10020010120?
10010020112
In base 15, what is 145e54 + -1?
145e53
In base 4, what is -13 + 1321302212200?
1321302212121
In base 13, what is 1800 - 462?
136b
In base 16, what is -2d896c - -5?
-2d8967
In base 4, what is -2 - 222120220201?
-222120220203
In base 11, what is 2 - -27334a7?
27334a9
In base 4, what is 3211103 - 1200133?
2010310
In base 13, what is 5a32b9 + -a?
5a32ac
In base 14, what is 1c52ba + -1?
1c52b9
In base 10, what is 35 + 51623?
51658
In base 4, what is -2112220322 - 10?
-2112220332
In base 10, what is 555 + -182302?
-181747
In base 6, what is 5252313 - 24?
5252245
In base 16, what is 547ad9 - a?
547acf
In base 10, what is 32150 - 276?
31874
In base 6, what is 5 - 111023502?
-111023453
In base 16, what is 40f5228 - -2?
40f522a
In base 9, what is -351258 + 368?
-350780
In base 5, what is 2 + -230341034?
-230341032
In base 2, what is -100010000110101011101011011 - -1000?
-100010000110101011101010011
In base 5, what is 130040 - 4322?
120213
In base 4, what is -3113112133 - -111?
-3113112022
In base 4, what is -2001 + -102012303232?
-102012311233
In base 8, what is 5 + 147215261?
147215266
In base 5, what is 214140102 - 13?
214140034
In base 4, what is 121012011330131 + -2?
121012011330123
In base 4, what is 32023012 + -300223?
31122123
In base 8, what is -103 - 17450637?
-17450742
In base 3, what is 122 - 1021100011010?
-1021100010111
In base 7, what is 4 - 56062053?
-56062046
In base 12, what is 2 - 3688230?
-368822a
In base 3, what is 10000200122111 + -20010?
10000200102101
In base 14, what is 6 - -15434?
1543a
In base 6, what is 0 - 10045214323?
-10045214323
In base 11, what is 11a9 + 158a3?
16aa1
In base 11, what is 24a23 - -22?
24a45
In base 5, what is 4331001 - 111443?
4214003
In base 11, what is -5 + 22709282?
22709278
In base 4, what is -23233 + 132131220?
132101321
In base 9, what is -2874 + -161654?
-164638
In base 11, what is 169265 - -1a1?
169456
In base 2, what is 1010000100011110111011 + -10?
1010000100011110111001
In base 12, what is 678 - 36b24?
-36468
In base 8, what is -2 + -272650?
-272652
In base 9, what is -2858667 - 3?
-2858671
In base 4, what is 3 + -2320200023221?
-2320200023212
In base 8, what is 14167 - -5166?
21355
In base 9, what is 32733 + -1830?
30803
In base 4, what is 10112130 - 3103?
10103021
In base 13, what is -4 - 78b1c48?
-78b1c4c
In base 9, what is 172 - 88588?
-88416
In base 9, what is 1612083824 - -2?
1612083826
In base 4, what is 212 + 21302111?
2130232